e number?
True
Is 521067849 composite?
True
Is 7791109061 prime?
False
Is 4184064397 a composite number?
True
Is 12883201 composite?
False
Is 489348637 a composite number?
True
Is 778923623 a prime number?
True
Is 33167771269 composite?
False
Is 32562843601 composite?
True
Is 26303285789 prime?
False
Is 45526033307 composite?
False
Is 2233716083 prime?
True
Is 26146051237 prime?
False
Is 63068636159 a composite number?
False
Is 1374233557 a prime number?
False
Is 33295786613 a prime number?
False
Is 1010792683 composite?
False
Is 25380682727 composite?
False
Is 564902843 a prime number?
False
Is 22715180597 composite?
True
Is 10439677442 a prime number?
False
Is 478021295 a composite number?
True
Is 77982445003 prime?
False
Is 4305413429 prime?
True
Is 32879893019 a composite number?
False
Is 54694740797 composite?
False
Is 41631232719 a composite number?
True
Is 3271783357 composite?
True
Is 26281203511 a prime number?
False
Is 50233681 prime?
False
Is 31574753927 a prime number?
False
Is 1015133491 composite?
False
Is 8869715483 a composite number?
False
Is 50459540903 a prime number?
False
Is 182772361 a prime number?
False
Is 8015327819 a prime number?
False
Is 41118500869 a composite number?
True
Is 140950877 composite?
True
Is 42912142229 prime?
False
Is 12952842901 a prime number?
False
Is 16066918781 a prime number?
False
Is 1262198383 composite?
True
Is 9913155011 a composite number?
True
Is 3223706479 prime?
False
Is 3751853691 prime?
False
Is 5186664497 a prime number?
False
Is 342541631 composite?
True
Is 4345420693 a composite number?
True
Is 207569407847 a prime number?
False
Is 356003145229 composite?
False
Is 33914191 composite?
True
Is 147806143 prime?
False
Is 11053593266 prime?
False
Is 27869532889 composite?
True
Is 3329454161 a prime number?
False
Is 6610989407 a composite number?
True
Is 30209786221 composite?
False
Is 1139502629 a composite number?
False
Is 8236978301 composite?
False
Is 20599377627 a prime number?
False
Is 1448895823 a prime number?
True
Is 3032410397 a prime number?
True
Is 1336865 composite?
True
Is 114002633 a prime number?
True
Is 32788199 composite?
False
Is 1118268539 a composite number?
True
Is 256681837 a composite number?
False
Is 8390650693 composite?
True
Is 1439833303 prime?
False
Is 5428942421 prime?
False
Is 13718082097 prime?
True
Is 10611568497 composite?
True
Is 7593965215 composite?
True
Is 6095938819 prime?
True
Is 3268029073 a composite number?
True
Is 478221463 a composite number?
True
Is 513758767 a composite number?
False
Is 258579071 composite?
False
Is 5474083241 prime?
False
Is 8080241959 a prime number?
False
Is 1364584519 prime?
False
Is 2504374843 a composite number?
True
Is 8175314551 prime?
False
Is 136308521 composite?
True
Is 2834903887 a composite number?
False
Is 18498056641 a composite number?
False
Is 4159811081 a prime number?
True
Is 475776227 a composite number?
False
Is 6563392051 prime?
False
Is 471439231 prime?
True
Is 3524914586 a prime number?
False
Is 30576971393 composite?
False
Is 6176351327 a composite number?
False
Is 1274823541 composite?
False
Is 22065170831 a composite number?
True
Is 191969481679 a prime number?
False
Is 36827790977 a prime number?
True
Is 662662967 a prime number?
True
Is 2536382863 a prime number?
False
Is 1521893573 composite?
False
Is 611214899 composite?
False
Is 1032309277 prime?
True
Is 760166614 a composite number?
True
Is 1257069083 composite?
False
Is 76274337457 composite?
False
Is 18692746753 prime?
True
Is 13830274085 a prime number?
False
Is 58691733509 a prime number?
True
Is 38844087707 prime?
False
Is 1084241941 prime?
True
Is 2021287813 a prime number?
False
Is 23547822217 prime?
True
Is 1590546569 prime?
True
Is 10281144839 prime?
False
Is 2440671239 a composite number?
True
Is 58173926429 a composite number?
False
Is 82948640053 a composite number?
True
Is 151376101 a prime number?
True
Is 117408883474 composite?
True
Is 23629561291 a composite number?
True
Is 22534251211 composite?
False
Is 1202730037 a prime number?
True
Is 220913221 prime?
True
Is 141955082867 a composite number?
True
Is 85422683 a prime number?
True
Is 23459959 prime?
False
Is 216245198153 a prime number?
True
Is 4245028867 composite?
False
Is 1418223109 a composite number?
True
Is 34673940089 a prime number?
True
Is 18559390747 composite?
True
Is 33924779411 a composite number?
False
Is 39450169 composite?
True
Is 103533461291 prime?
False
Is 38604308057 prime?
False
Is 25899580339 a prime number?
True
Is 23831847437 composite?
False
Is 10633865849 a composite number?
False
Is 1164140611 a prime number?
False
Is 1295679767 prime?
True
Is 4783784179 prime?
True
Is 35903641 a composite number?
True
Is 19244210569 composite?
True
Is 52060621 a composite number?
False
Is 1291808191 a composite number?
False
Is 80907750667 a prime number?
False
Is 12284536307 a composite number?
False
Is 106958864347 prime?
False
Is 4602884003 prime?
True
Is 42739664131 a prime number?
True
Is 51919606909 composite?
False
Is 30957931 prime?
False
Is 7660439531 prime?
False
Is 2980033363 a prime number?
False
Is 192359521 a prime number?
True
Is 844875461 a composite number?
True
Is 3188164219 a composite number?
True
Is 1066411033 prime?
True
Is 9583751809 a prime number?
True
Is 54107789 a composite number?
False
Is 81848521913 prime?
True
Is 1512134177 composite?
False
Is 959859829 prime?
True
Is 580006979 composite?
True
Is 2905159039 composite?
True
Is 111792986911 prime?
True
Is 937888907 composite?
False
Is 47618611567 prime?
True
Is 13467308879 prime?
False
Is 1966055519 prime?
False
Is 82588709 composite?
True
Is 20314867033 a prime number?
False
Is 1590078905 a prime number?
False
Is 3025230781 a composite number?
False
Is 14357995579 composite?
False
Is 51509970859 composite?
True
Is 65059566293 composite?
False
Is 42524481871 composite?
True
Is 66008207153 a prime number?
False
Is 70535684567 prime?
False
Is 791266829 prime?
False
Is 162560831 composite?
False
Is 28682441 prime?
False
Is 4698248081 composite?
False
Is 846626663 prime?
True
Is 7174843411 prime?
False
Is 2564747473 prime?
False
Is 13309283483 prime?
False
Is 894589169 a prime number?
False
Is 6802311401 a prime number?
True
Is 564796229 a prime number?
True
Is 14450038819 composite?
False
Is 1481232341 prime?
False
Is 16538459533 a composite number?
False
Is 842707021 a composite number?
True
Is 3943252547 composite?
True
Is 6701589949 a composite number?
False
Is 15775493309 prime?
False
Is 46911255887 a composite number?
True
Is 275285899 a composite number?
True
Is 410096887 prime?
True
Is 115756731869 prime?
False
Is 3478994263 a composite number?
False
Is 1123365919 prime?
False
Is 9346033163 prime?
True
Is 55170649363 a composite number?
False
Is 1347912939 a prime number?
False
Is 3226728649 prime?
True
Is 2171190011 a prime number?
False
Is 8979791371 a composite number?
False
Is 1847824793 composite?
False
Is 80933426641 composite?
False
Is 3186985643 a composite number?
False
Is 34346121937 composite?
False
Is 1051727819 a composite number?
False
Is 421974659 a composite number?
True
Is 3253809541 prime?
False
Is 56831981 a composite number?
False
Is 1320981293 composite?
False
Is 2354216497 a composite number?
True
Is 10334435011 composite?
False
Is 1053814429 a prime number?
False
Is 4814210441 composite?
True
Is 1953675065 a composite number?
True
Is 55441294043 composite?
True
Is 190716709 a prime number?
True
Is 71221520347 composite?
False
Is 4752692221 prime?
True
Is 6020214041 composite?
False
Is 37059827923 a prime number?
True
Is 77676776033 a composite number?
True
Is 186312881 a composite number?
False
Is 2445506909 composite?
False
Is 34619366833 prime?
False
Is 248532945215 a prime number?
False
Is 475954081 composite?
False
Is 6267839843 prime?
True
Is 55870163 a composite number?
False
Is 91821853 a prime number?
True
Is 28370750173 a composite number?
True
Is 18398656291 a prime number?
True
Is 2175958193 a composite number?
True
Is 251933203 composite?
False
Is 100380677197 prime?
True
Is 35070986219 a composite number?
True
Is 535249747 composite?
True
Is 75654041999 a composite number?
False
Is 1417004483 a prime number?
True
Is 2020859471 composite?
Fal